{"id":9,"date":"2025-11-18T15:37:01","date_gmt":"2025-11-18T15:37:01","guid":{"rendered":"https:\/\/zum-schwarzen-schaf.at\/?page_id=9"},"modified":"2025-11-19T14:40:22","modified_gmt":"2025-11-19T14:40:22","slug":"datenschutzerklaerung","status":"publish","type":"page","link":"https:\/\/zum-schwarzen-schaf.at\/?page_id=9","title":{"rendered":"Datenschutzerkl\u00e4rung"},"content":{"rendered":"\t\t<div data-elementor-type=\"wp-page\" data-elementor-id=\"9\" class=\"elementor elementor-9\">\n\t\t\t\t<div class=\"elementor-element elementor-element-5d8dc9f e-flex e-con-boxed e-con e-parent\" data-id=\"5d8dc9f\" data-element_type=\"container\">\n\t\t\t\t\t<div class=\"e-con-inner\">\n\t\t\t\t<div class=\"elementor-element elementor-element-dd68981 elementor-widget elementor-widget-spacer\" data-id=\"dd68981\" data-element_type=\"widget\" data-widget_type=\"spacer.default\">\n\t\t\t\t\t\t\t<div class=\"elementor-spacer\">\n\t\t\t<div class=\"elementor-spacer-inner\"><\/div>\n\t\t<\/div>\n\t\t\t\t\t\t<\/div>\n\t\t\t\t\t<\/div>\n\t\t\t\t<\/div>\n\t\t<div class=\"elementor-element elementor-element-b3b9dc9 e-flex e-con-boxed e-con e-parent\" data-id=\"b3b9dc9\" data-element_type=\"container\">\n\t\t\t\t\t<div class=\"e-con-inner\">\n\t\t\t\t<div class=\"elementor-element elementor-element-90e8edc elementor-widget elementor-widget-heading\" data-id=\"90e8edc\" data-element_type=\"widget\" data-widget_type=\"heading.default\">\n\t\t\t\t\t<h2 class=\"elementor-heading-title elementor-size-default\">Datenschutzerkl\u00e4rung<\/h2>\t\t\t\t<\/div>\n\t\t\t\t<div class=\"elementor-element elementor-element-92691a5 elementor-widget elementor-widget-text-editor\" data-id=\"92691a5\" data-element_type=\"widget\" data-widget_type=\"text-editor.default\">\n\t\t\t\t\t\t\t\t\t<h5 data-start=\"476\" data-end=\"502\"><strong data-start=\"479\" data-end=\"502\">1. Verantwortlicher<\/strong><\/h5><p data-start=\"503\" data-end=\"536\">Diese Website wird betrieben von:<\/p><p data-start=\"538\" data-end=\"664\"><strong data-start=\"538\" data-end=\"561\">Zum Schwarzen Schaf<\/strong><br data-start=\"561\" data-end=\"564\" \/>Website: <a class=\"decorated-link\" href=\"https:\/\/www.zum-schwarzen-schaf.at\/\" target=\"_new\" rel=\"noopener\" data-start=\"573\" data-end=\"607\">https:\/\/www.zum-schwarzen-schaf.at<\/a><br data-start=\"607\" data-end=\"610\" \/>Andreas und Nicole Mayrh\u00f6fler\u00a0<\/p><p data-start=\"666\" data-end=\"862\">Die Kontaktaufnahme erfolgt ausschlie\u00dflich offline vor Ort oder telefonisch oder \u00fcber E-Mail.<\/p><hr data-start=\"864\" data-end=\"867\" \/><h5 data-start=\"869\" data-end=\"920\"><strong data-start=\"872\" data-end=\"920\">2. Allgemeine Hinweise zur Datenverarbeitung<\/strong><\/h5><p data-start=\"921\" data-end=\"1076\">Wir nehmen den Schutz personenbezogener Daten sehr ernst. Personenbezogene Daten werden auf dieser Website nur im technisch notwendigen Umfang verarbeitet.<\/p><p data-start=\"1078\" data-end=\"1222\">Beim Besuch der Website k\u00f6nnen automatisch technische Daten erfasst werden. Diese Daten werden nicht dazu verwendet, Besucher zu identifizieren.<\/p><hr data-start=\"1224\" data-end=\"1227\" \/><h5 data-start=\"1229\" data-end=\"1269\"><strong data-start=\"1232\" data-end=\"1269\">3. Datenerfassung auf der Website<\/strong><\/h5><h6 data-start=\"1271\" data-end=\"1297\"><strong data-start=\"1275\" data-end=\"1297\">a) Server-Logfiles<\/strong><\/h6><p data-start=\"1298\" data-end=\"1422\">Der Hosting-Anbieter <strong data-start=\"1319\" data-end=\"1332\">MurauerIT<\/strong> erfasst und speichert automatisch technische Informationen, die dein Browser \u00fcbermittelt:<\/p><ul data-start=\"1424\" data-end=\"1635\"><li data-start=\"1424\" data-end=\"1490\"><p data-start=\"1426\" data-end=\"1490\">IP-Adresse (gek\u00fcrzt\/anonymisiert sofern vom Hoster vorgesehen)<\/p><\/li><li data-start=\"1491\" data-end=\"1525\"><p data-start=\"1493\" data-end=\"1525\">Datum und Uhrzeit des Zugriffs<\/p><\/li><li data-start=\"1526\" data-end=\"1553\"><p data-start=\"1528\" data-end=\"1553\">aufgerufene Seite (URL)<\/p><\/li><li data-start=\"1554\" data-end=\"1570\"><p data-start=\"1556\" data-end=\"1570\">Referrer-URL<\/p><\/li><li data-start=\"1571\" data-end=\"1604\"><p data-start=\"1573\" data-end=\"1604\">Browsertyp und Browserversion<\/p><\/li><li data-start=\"1605\" data-end=\"1635\"><p data-start=\"1607\" data-end=\"1635\">verwendetes Betriebssystem<\/p><\/li><\/ul><p data-start=\"1637\" data-end=\"1712\">Diese Daten sind f\u00fcr die Bereitstellung der Website technisch erforderlich.<\/p><p data-start=\"1714\" data-end=\"1823\"><strong data-start=\"1714\" data-end=\"1734\">Rechtsgrundlage:<\/strong><br data-start=\"1734\" data-end=\"1737\" \/>Art. 6 Abs. 1 lit. f DSGVO (berechtigtes Interesse, sicherer und stabiler Webbetrieb).<\/p><p data-start=\"1825\" data-end=\"1885\">Eine Zusammenf\u00fchrung mit anderen Datenquellen erfolgt nicht.<\/p><hr data-start=\"1887\" data-end=\"1890\" \/><h5 data-start=\"1892\" data-end=\"1909\"><strong data-start=\"1895\" data-end=\"1909\">4. Cookies<\/strong><\/h5><p data-start=\"1910\" data-end=\"2121\">Unsere Website verwendet Cookies, die f\u00fcr den Betrieb erforderlich sind. Dabei kann es sich z. B. um Cookies handeln, die f\u00fcr das korrekte Anzeigen von Google Maps oder zur technischen Sicherheit notwendig sind.<\/p><p data-start=\"2123\" data-end=\"2180\">Wir verwenden <strong data-start=\"2137\" data-end=\"2179\">keine Tracking- oder Marketing-Cookies<\/strong>.<\/p><p data-start=\"2182\" data-end=\"2266\">Du kannst deinen Browser so einstellen, dass Cookies blockiert oder gel\u00f6scht werden.<\/p><p data-start=\"2268\" data-end=\"2383\"><strong data-start=\"2268\" data-end=\"2288\">Rechtsgrundlage:<\/strong><br data-start=\"2288\" data-end=\"2291\" \/>Art. 6 Abs. 1 lit. f DSGVO (berechtigtes Interesse an funktionaler Darstellung der Website).<\/p><hr data-start=\"2385\" data-end=\"2388\" \/><h5 data-start=\"2390\" data-end=\"2411\"><strong data-start=\"2393\" data-end=\"2411\">5. Google Maps<\/strong><\/h5><p data-start=\"2412\" data-end=\"2502\">Auf unserer Website ist eine Karte des Dienstes <strong data-start=\"2460\" data-end=\"2475\">Google Maps<\/strong> eingebunden. Anbieter ist:<\/p><p data-start=\"2504\" data-end=\"2575\">Google Ireland Limited<br data-start=\"2526\" data-end=\"2529\" \/>Gordon House, Barrow Street<br data-start=\"2556\" data-end=\"2559\" \/>Dublin 4, Irland<\/p><p data-start=\"2577\" data-end=\"2652\">Durch die Nutzung von Google Maps werden Daten an Google \u00fcbertragen, z. B.:<\/p><ul data-start=\"2654\" data-end=\"2729\"><li data-start=\"2654\" data-end=\"2668\"><p data-start=\"2656\" data-end=\"2668\">IP-Adresse<\/p><\/li><li data-start=\"2669\" data-end=\"2688\"><p data-start=\"2671\" data-end=\"2688\">aufgerufene URL<\/p><\/li><li data-start=\"2689\" data-end=\"2729\"><p data-start=\"2691\" data-end=\"2729\">evtl. Standortdaten (wenn aktiviert)<\/p><\/li><\/ul><p data-start=\"2731\" data-end=\"2853\">Google kann diese Daten in den USA verarbeiten.<br data-start=\"2778\" data-end=\"2781\" \/>Weitere Informationen findest du in der Datenschutzerkl\u00e4rung von Google.<\/p><p data-start=\"2855\" data-end=\"2983\"><strong data-start=\"2855\" data-end=\"2875\">Rechtsgrundlage:<\/strong><br data-start=\"2875\" data-end=\"2878\" \/>Art. 6 Abs. 1 lit. f DSGVO (berechtigtes Interesse an einer ansprechenden Darstellung unseres Standorts).<\/p><hr data-start=\"2985\" data-end=\"2988\" \/><h5 data-start=\"2990\" data-end=\"3022\"><strong data-start=\"2993\" data-end=\"3022\">6. Instagram (Verlinkung)<\/strong><\/h5><p data-start=\"3023\" data-end=\"3145\">Unsere Website enth\u00e4lt lediglich <strong data-start=\"3056\" data-end=\"3070\">einen Link<\/strong> zu unserem Instagram-Profil.<br data-start=\"3099\" data-end=\"3102\" \/>Es ist <strong data-start=\"3109\" data-end=\"3144\">kein Instagram-Feed eingebettet<\/strong>.<\/p><p data-start=\"3147\" data-end=\"3260\">Das bedeutet:<br data-start=\"3160\" data-end=\"3163\" \/>Beim Besuch unserer Website werden <strong data-start=\"3198\" data-end=\"3259\">keine Daten automatisch an Instagram\/Facebook \u00fcbermittelt<\/strong>.<\/p><p data-start=\"3262\" data-end=\"3407\">Erst wenn du den Link anklickst, verl\u00e4sst du unsere Seite und wechselst zu Instagram. Dort gelten die Datenschutzbestimmungen von Meta Platforms.<\/p><hr data-start=\"3409\" data-end=\"3412\" \/><h5 data-start=\"3414\" data-end=\"3454\"><strong data-start=\"3417\" data-end=\"3454\">7. Auftragsverarbeitung &amp; Hosting<\/strong><\/h5><p data-start=\"3455\" data-end=\"3487\">Die Website wird gehostet durch:<\/p><p data-start=\"3489\" data-end=\"3537\"><strong data-start=\"3489\" data-end=\"3502\">MurauerIT<\/strong><\/p><p data-start=\"3539\" data-end=\"3733\">Mit dem Hosting-Anbieter besteht ein Auftragsverarbeitungsvertrag gem\u00e4\u00df Art. 28 DSGVO, sofern erforderlich. Der Hoster verarbeitet technische Daten ausschlie\u00dflich zur Bereitstellung der Website.<\/p><hr data-start=\"3735\" data-end=\"3738\" \/><h5 data-start=\"3740\" data-end=\"3760\"><strong data-start=\"3743\" data-end=\"3760\">8. Sicherheit<\/strong><\/h5><p data-start=\"3761\" data-end=\"3907\">Wir setzen technische und organisatorische Ma\u00dfnahmen ein, um personenbezogene Daten gegen Verlust, Missbrauch oder unbefugten Zugriff zu sch\u00fctzen.<\/p><hr data-start=\"3909\" data-end=\"3912\" \/><h5 data-start=\"3914\" data-end=\"3955\"><strong data-start=\"3917\" data-end=\"3955\">9. Rechte der betroffenen Personen<\/strong><\/h5><p data-start=\"3956\" data-end=\"3990\">Du hast jederzeit folgende Rechte:<\/p><ul data-start=\"3992\" data-end=\"4196\"><li data-start=\"3992\" data-end=\"4028\"><p data-start=\"3994\" data-end=\"4028\">Auskunft \u00fcber gespeicherte Daten<\/p><\/li><li data-start=\"4029\" data-end=\"4063\"><p data-start=\"4031\" data-end=\"4063\">Berichtigung unrichtiger Daten<\/p><\/li><li data-start=\"4064\" data-end=\"4089\"><p data-start=\"4066\" data-end=\"4089\">L\u00f6schung deiner Daten<\/p><\/li><li data-start=\"4090\" data-end=\"4124\"><p data-start=\"4092\" data-end=\"4124\">Einschr\u00e4nkung der Verarbeitung<\/p><\/li><li data-start=\"4125\" data-end=\"4171\"><p data-start=\"4127\" data-end=\"4171\">Widerspruch gegen bestimmte Verarbeitungen<\/p><\/li><li data-start=\"4172\" data-end=\"4196\"><p data-start=\"4174\" data-end=\"4196\">Daten\u00fcbertragbarkeit<\/p><\/li><\/ul><p data-start=\"4198\" data-end=\"4285\">Bei Anliegen dieser Art kannst du uns telefonisch oder pers\u00f6nlich vor Ort kontaktieren.<\/p><hr data-start=\"4287\" data-end=\"4290\" \/><h5 data-start=\"4292\" data-end=\"4341\"><strong data-start=\"4295\" data-end=\"4341\">10. \u00c4nderungen dieser Datenschutzerkl\u00e4rung<\/strong><\/h5><p data-start=\"4342\" data-end=\"4503\">Wir behalten uns vor, diese Datenschutzerkl\u00e4rung zu aktualisieren, damit sie rechtlichen Anforderungen entspricht oder \u00c4nderungen unserer Website ber\u00fccksichtigt.<\/p>\t\t\t\t\t\t\t\t<\/div>\n\t\t\t\t\t<\/div>\n\t\t\t\t<\/div>\n\t\t\t\t<\/div>\n\t\t","protected":false},"excerpt":{"rendered":"<p>Datenschutzerkl\u00e4rung 1. Verantwortlicher Diese Website wird betrieben von: Zum Schwarzen SchafWebsite: https:\/\/www.zum-schwarzen-schaf.atAndreas und Nicole Mayrh\u00f6fler\u00a0 Die Kontaktaufnahme erfolgt ausschlie\u00dflich offline vor Ort oder telefonisch oder \u00fcber E-Mail. 2. Allgemeine Hinweise zur Datenverarbeitung Wir nehmen den Schutz personenbezogener Daten sehr ernst. Personenbezogene Daten werden auf dieser Website nur im technisch notwendigen Umfang verarbeitet. Beim Besuch der [&hellip;]<\/p>\n","protected":false},"author":1,"featured_media":0,"parent":0,"menu_order":0,"comment_status":"closed","ping_status":"closed","template":"elementor_header_footer","meta":{"footnotes":""},"class_list":["post-9","page","type-page","status-publish","hentry"],"yoast_head":"<!-- This site is optimized with the Yoast SEO plugin v26.4 - https:\/\/yoast.com\/wordpress\/plugins\/seo\/ -->\n<title>Datenschutzerkl\u00e4rung - Zum schwarzen Schaf<\/title>\n<meta name=\"robots\" content=\"index, follow, max-snippet:-1, max-image-preview:large, max-video-preview:-1\" \/>\n<link rel=\"canonical\" href=\"https:\/\/zum-schwarzen-schaf.at\/?page_id=9\" \/>\n<meta property=\"og:locale\" content=\"de_DE\" \/>\n<meta property=\"og:type\" content=\"article\" \/>\n<meta property=\"og:title\" content=\"Datenschutzerkl\u00e4rung - Zum schwarzen Schaf\" \/>\n<meta property=\"og:description\" content=\"Datenschutzerkl\u00e4rung 1. Verantwortlicher Diese Website wird betrieben von: Zum Schwarzen SchafWebsite: https:\/\/www.zum-schwarzen-schaf.atAndreas und Nicole Mayrh\u00f6fler\u00a0 Die Kontaktaufnahme erfolgt ausschlie\u00dflich offline vor Ort oder telefonisch oder \u00fcber E-Mail. 2. Allgemeine Hinweise zur Datenverarbeitung Wir nehmen den Schutz personenbezogener Daten sehr ernst. Personenbezogene Daten werden auf dieser Website nur im technisch notwendigen Umfang verarbeitet. Beim Besuch der [&hellip;]\" \/>\n<meta property=\"og:url\" content=\"https:\/\/zum-schwarzen-schaf.at\/?page_id=9\" \/>\n<meta property=\"og:site_name\" content=\"Zum schwarzen Schaf\" \/>\n<meta property=\"article:modified_time\" content=\"2025-11-19T14:40:22+00:00\" \/>\n<meta name=\"twitter:card\" content=\"summary_large_image\" \/>\n<script type=\"application\/ld+json\" class=\"yoast-schema-graph\">{\"@context\":\"https:\/\/schema.org\",\"@graph\":[{\"@type\":\"WebPage\",\"@id\":\"https:\/\/zum-schwarzen-schaf.at\/?page_id=9\",\"url\":\"https:\/\/zum-schwarzen-schaf.at\/?page_id=9\",\"name\":\"Datenschutzerkl\u00e4rung - Zum schwarzen Schaf\",\"isPartOf\":{\"@id\":\"https:\/\/zum-schwarzen-schaf.at\/#website\"},\"datePublished\":\"2025-11-18T15:37:01+00:00\",\"dateModified\":\"2025-11-19T14:40:22+00:00\",\"breadcrumb\":{\"@id\":\"https:\/\/zum-schwarzen-schaf.at\/?page_id=9#breadcrumb\"},\"inLanguage\":\"de\",\"potentialAction\":[{\"@type\":\"ReadAction\",\"target\":[\"https:\/\/zum-schwarzen-schaf.at\/?page_id=9\"]}]},{\"@type\":\"BreadcrumbList\",\"@id\":\"https:\/\/zum-schwarzen-schaf.at\/?page_id=9#breadcrumb\",\"itemListElement\":[{\"@type\":\"ListItem\",\"position\":1,\"name\":\"Startseite\",\"item\":\"https:\/\/zum-schwarzen-schaf.at\/\"},{\"@type\":\"ListItem\",\"position\":2,\"name\":\"Datenschutzerkl\u00e4rung\"}]},{\"@type\":\"WebSite\",\"@id\":\"https:\/\/zum-schwarzen-schaf.at\/#website\",\"url\":\"https:\/\/zum-schwarzen-schaf.at\/\",\"name\":\"Zum schwarzen Schaf\",\"description\":\"\u00d6ffnungszeiten: Donnerstag - Sonntag ab 12 Uhr\",\"publisher\":{\"@id\":\"https:\/\/zum-schwarzen-schaf.at\/#organization\"},\"potentialAction\":[{\"@type\":\"SearchAction\",\"target\":{\"@type\":\"EntryPoint\",\"urlTemplate\":\"https:\/\/zum-schwarzen-schaf.at\/?s={search_term_string}\"},\"query-input\":{\"@type\":\"PropertyValueSpecification\",\"valueRequired\":true,\"valueName\":\"search_term_string\"}}],\"inLanguage\":\"de\"},{\"@type\":\"Organization\",\"@id\":\"https:\/\/zum-schwarzen-schaf.at\/#organization\",\"name\":\"Zum schwarzen Schaf\",\"url\":\"https:\/\/zum-schwarzen-schaf.at\/\",\"logo\":{\"@type\":\"ImageObject\",\"inLanguage\":\"de\",\"@id\":\"https:\/\/zum-schwarzen-schaf.at\/#\/schema\/logo\/image\/\",\"url\":\"https:\/\/zum-schwarzen-schaf.at\/wp-content\/uploads\/2025\/11\/ZumschwarzenSchaf.png\",\"contentUrl\":\"https:\/\/zum-schwarzen-schaf.at\/wp-content\/uploads\/2025\/11\/ZumschwarzenSchaf.png\",\"width\":1510,\"height\":972,\"caption\":\"Zum schwarzen Schaf\"},\"image\":{\"@id\":\"https:\/\/zum-schwarzen-schaf.at\/#\/schema\/logo\/image\/\"}}]}<\/script>\n<!-- \/ Yoast SEO plugin. -->","yoast_head_json":{"title":"Datenschutzerkl\u00e4rung - Zum schwarzen Schaf","robots":{"index":"index","follow":"follow","max-snippet":"max-snippet:-1","max-image-preview":"max-image-preview:large","max-video-preview":"max-video-preview:-1"},"canonical":"https:\/\/zum-schwarzen-schaf.at\/?page_id=9","og_locale":"de_DE","og_type":"article","og_title":"Datenschutzerkl\u00e4rung - Zum schwarzen Schaf","og_description":"Datenschutzerkl\u00e4rung 1. Verantwortlicher Diese Website wird betrieben von: Zum Schwarzen SchafWebsite: https:\/\/www.zum-schwarzen-schaf.atAndreas und Nicole Mayrh\u00f6fler\u00a0 Die Kontaktaufnahme erfolgt ausschlie\u00dflich offline vor Ort oder telefonisch oder \u00fcber E-Mail. 2. Allgemeine Hinweise zur Datenverarbeitung Wir nehmen den Schutz personenbezogener Daten sehr ernst. Personenbezogene Daten werden auf dieser Website nur im technisch notwendigen Umfang verarbeitet. Beim Besuch der [&hellip;]","og_url":"https:\/\/zum-schwarzen-schaf.at\/?page_id=9","og_site_name":"Zum schwarzen Schaf","article_modified_time":"2025-11-19T14:40:22+00:00","twitter_card":"summary_large_image","schema":{"@context":"https:\/\/schema.org","@graph":[{"@type":"WebPage","@id":"https:\/\/zum-schwarzen-schaf.at\/?page_id=9","url":"https:\/\/zum-schwarzen-schaf.at\/?page_id=9","name":"Datenschutzerkl\u00e4rung - Zum schwarzen Schaf","isPartOf":{"@id":"https:\/\/zum-schwarzen-schaf.at\/#website"},"datePublished":"2025-11-18T15:37:01+00:00","dateModified":"2025-11-19T14:40:22+00:00","breadcrumb":{"@id":"https:\/\/zum-schwarzen-schaf.at\/?page_id=9#breadcrumb"},"inLanguage":"de","potentialAction":[{"@type":"ReadAction","target":["https:\/\/zum-schwarzen-schaf.at\/?page_id=9"]}]},{"@type":"BreadcrumbList","@id":"https:\/\/zum-schwarzen-schaf.at\/?page_id=9#breadcrumb","itemListElement":[{"@type":"ListItem","position":1,"name":"Startseite","item":"https:\/\/zum-schwarzen-schaf.at\/"},{"@type":"ListItem","position":2,"name":"Datenschutzerkl\u00e4rung"}]},{"@type":"WebSite","@id":"https:\/\/zum-schwarzen-schaf.at\/#website","url":"https:\/\/zum-schwarzen-schaf.at\/","name":"Zum schwarzen Schaf","description":"\u00d6ffnungszeiten: Donnerstag - Sonntag ab 12 Uhr","publisher":{"@id":"https:\/\/zum-schwarzen-schaf.at\/#organization"},"potentialAction":[{"@type":"SearchAction","target":{"@type":"EntryPoint","urlTemplate":"https:\/\/zum-schwarzen-schaf.at\/?s={search_term_string}"},"query-input":{"@type":"PropertyValueSpecification","valueRequired":true,"valueName":"search_term_string"}}],"inLanguage":"de"},{"@type":"Organization","@id":"https:\/\/zum-schwarzen-schaf.at\/#organization","name":"Zum schwarzen Schaf","url":"https:\/\/zum-schwarzen-schaf.at\/","logo":{"@type":"ImageObject","inLanguage":"de","@id":"https:\/\/zum-schwarzen-schaf.at\/#\/schema\/logo\/image\/","url":"https:\/\/zum-schwarzen-schaf.at\/wp-content\/uploads\/2025\/11\/ZumschwarzenSchaf.png","contentUrl":"https:\/\/zum-schwarzen-schaf.at\/wp-content\/uploads\/2025\/11\/ZumschwarzenSchaf.png","width":1510,"height":972,"caption":"Zum schwarzen Schaf"},"image":{"@id":"https:\/\/zum-schwarzen-schaf.at\/#\/schema\/logo\/image\/"}}]}},"_links":{"self":[{"href":"https:\/\/zum-schwarzen-schaf.at\/index.php?rest_route=\/wp\/v2\/pages\/9","targetHints":{"allow":["GET"]}}],"collection":[{"href":"https:\/\/zum-schwarzen-schaf.at\/index.php?rest_route=\/wp\/v2\/pages"}],"about":[{"href":"https:\/\/zum-schwarzen-schaf.at\/index.php?rest_route=\/wp\/v2\/types\/page"}],"author":[{"embeddable":true,"href":"https:\/\/zum-schwarzen-schaf.at\/index.php?rest_route=\/wp\/v2\/users\/1"}],"replies":[{"embeddable":true,"href":"https:\/\/zum-schwarzen-schaf.at\/index.php?rest_route=%2Fwp%2Fv2%2Fcomments&post=9"}],"version-history":[{"count":21,"href":"https:\/\/zum-schwarzen-schaf.at\/index.php?rest_route=\/wp\/v2\/pages\/9\/revisions"}],"predecessor-version":[{"id":241,"href":"https:\/\/zum-schwarzen-schaf.at\/index.php?rest_route=\/wp\/v2\/pages\/9\/revisions\/241"}],"wp:attachment":[{"href":"https:\/\/zum-schwarzen-schaf.at\/index.php?rest_route=%2Fwp%2Fv2%2Fmedia&parent=9"}],"curies":[{"name":"wp","href":"https:\/\/api.w.org\/{rel}","templated":true}]}}